 50 = 0, -4*j = -2*n - 84. What is the units digit of j?
0
Suppose 3*b + 2 - 26 = 0. Let w = -1 + 1. Suppose -6 = -5*q - z, 2*z + 0*z + b = w. What is the units digit of q?
2
Let m(f) = -f**2 - 7*f - 5. Let g(a) = -a**3 + 4*a**2 - 2*a + 1. Let l be g(4). Let d be m(l). Let i = d - -20. What is the tens digit of i?
1
Let v be 1 + -1*2 - 1. Let u be 2*1/v*-5. What is the units digit of (-24)/(-9)*(u + -2)?
8
Let f be 1/(-3)*0 - -3. Suppose f*r - 6 = 3. Suppose -r*o + 45 = -12. What is the units digit of o?
9
Suppose 4*v - 20 = -v. Let x(i) = -i - 2*i**2 + v*i + i**3 - 2 + 0. What is the units digit of x(2)?
4
Suppose -n + f - 5 = -0*n, f = 3. What is the tens digit of 12/((-4 - n)/(-2))?
1
Suppose 5*d - 3*d - 5*o - 291 = 0, 4*d = -2*o + 618. What is the units digit of d?
3
Suppose -3 = -4*w - 2*v - 5, 4*w - 2*v - 18 = 0. Suppose -2*d - d + 69 = 4*o, 0 = w*d - 3*o - 29. What is the tens digit of d?
1
Suppose 3*d + 55 = -4*f, 45 = -4*f - 0*f - d. Let v = f + 23. What is the units digit of v?
3
Let x = 192 + 19. What is the hundreds digit of x?
2
Let a = -89 - -173. What is the tens digit of a?
8
Let z be 3/((-3)/(-2))*1. Suppose -8 = z*h, 2*g + h + 9 + 7 = 0. Let b = -5 - g. What is the units digit of b?
1
Let l = -167 + 277. What is the hundreds digit of l?
1
What is the units digit of (-3 - 27)*(-24)/20?
6
Let r(a) = 16*a**2 + a + 1. Let n be r(2). Suppose -2*s + 71 = 3*s - o, 0 = 5*s + 3*o - n. What is the units digit of s?
4
Let o be (2 - 1)/1 - -2. Suppose f + o*f = 168. What is the tens digit of f?
4
Let a(o) = -5*o - 18. What is the units digit of a(-8)?
2
Let l(d) = d**2 + 8*d + 10. Let r be l(-7). Let p = 88 + -43. Suppose r*n - p = -2*n. What is the units digit of n?
9
Let q be (-3 + -6)*3/(-9). Suppose -q = b - 5. Suppose k - 3*k = -b. What is the units digit of k?
1
Let m = 1 - -1. Suppose -2*r = -7*r + 45. Suppose -v = t - r, -2*t - t = m*v - 13. What is the tens digit of v?
1
Let s(g) be the second derivative of -g**3/6 + g**2 + 2*g. Let x be s(2). Suppose x = 3*w + k - 42, 2*w + 4*k - 56 = -2*w. What is the units digit of w?
4
Suppose -5 = -3*d + 7. Suppose -d*h + 42 + 4 = -2*c, -2*h - 5*c + 17 = 0. What is the units digit of h?
1
What is the tens digit of 75/6 - (-2)/4?
1
Let d be ((-12)/7)/((-2)/(-56)). Let r = 68 + d. What is the tens digit of r?
2
Let q = -18 - -22. Let l(w) be the third derivative of w**5/60 - w**4/8 + w**3 - 2*w**2. What is the units digit of l(q)?
0
Suppose 5*b - 15 = 0, 6*n = 2*n + 2*b + 314. What is the units digit of n?
0
Let m be ((-111)/(-9))/((-1)/3). Let v = -12 - m. Suppose -v = -5*n - 0, -2*g - 11 = -3*n. What is the units digit of g?
2
Suppose d + 72 = n - 0*n, -2*d + 144 = 2*n. What is the units digit of n?
2
What is the units digit of 53/2 + 8/(-16)?
6
Suppose 0 = 5*w + 15, 0 = -5*k - 0*k + 2*w - 14. Let r be (9/2)/((-2)/k). Let a = r + 6. What is the tens digit of a?
1
Let t = 59 + -31. What is the tens digit of t?
2
Suppose 3*f - 101 = -0*f - 4*o, 3*f + 2*o - 103 = 0. What is the tens digit of f?
3
Let c = 21 - -75. What is the tens digit of c?
9
What is the tens digit of (2*(-147)/6)/(3/(-12))?
9
Suppose 5*l - 36 + 6 = 0. Let n be l/(-3 - 3/(-2)). What is the units digit of n/(-18) + 124/9?
4
Suppose 170 = 2*l - 4*x - 50, 5*l - 5*x = 545. What is the hundreds digit of l?
1
Suppose 3*w + 0*a = a + 52, 2*w + 5*a - 63 = 0. What is the units digit of w?
9
Let i(p) = -p**3 + 17*p**2 - 21*p + 9. What is the hundreds digit of i(15)?
1
Suppose z = -5*f, -5*f = -z - 4*z + 30. Let l = z + -5. Suppose l = 4*o + 29 - 109. What is the tens digit of o?
2
Let f(i) = 3*i + 24. What is the units digit of f(15)?
9
Suppose -4*m + 5*x - 12 = -72, 4*x = 0. Suppose 2*t - m = 7*t. Let o = t - -7. What is the units digit of o?
4
Let s(w) = -3*w**2 - 8*w + w**2 + 3*w**2 - 11. Let i be s(10). Suppose 0 = 4*y - i - 39. What is the tens digit of y?
1
Let c = -12 + 12. Suppose 2*x + 0*x - 34 = c. What is the units digit of x?
7
Suppose -t = 3*t - 48. Suppose -54 = -3*p - t. What is the tens digit of p?
1
Let d(r) = -r**2 - 9*r - 11. Let o be d(-8). Let s be 0 - o - (-3 - -1). Let j = s - 0. What is the units digit of j?
5
Let u = -14 + 8. Let x(p) = -7*p - 2. Let n be x(u). Suppose 0 = 5*w - 2*q + 6*q - n, 8 = w + 4*q. What is the units digit of w?
8
Suppose 0 = 4*r + r + 5. What is the units digit of (r - -7)*(-8)/(-2)?
4
Let x be (-1 - -1)/((-4)/(-2)). Suppose 3*v - 6 = -x. Suppose -2*b - 8 = -2*n + 8, -50 = -4*n - v*b. What is the tens digit of n?
1
Let h = -3 + 2. Let x(s) = s - 3. Let b be x(6). Let w = b + h. What is the units digit of w?
2
Suppose -166 = 4*p - 3*j - 459, 0 = 4*p - 4*j - 288. What is the units digit of p?
7
Let f = -192 - -295. What is the units digit of f?
3
Let f(g) = g**2 + g + 15. What is the units digit of f(0)?
5
Suppose -22 = -y + 3*k - 0*k, 91 = 5*y + 4*k. Suppose -5*w = 4*t + 24, w - 5*t - y + 47 = 0. What is the units digit of (6/3 - w) + -2?
8
Let q = 6 - 2. Suppose q*u + 4 = 8. What is the units digit of u?
1
Let h(c) = -c**3 + c**2 + c + 4. Let z be h(0). Let t be 3 + (-1)/2*-4. Let l = z + t. What is the units digit of l?
9
Let k(y) = -y**2 + 8*y - 1. Let n be k(7). Let t(g) = g - 3. Let c be t(n). Suppose c*v - 48 = -v. What is the units digit of v?
2
Suppose 19 = 5*i - 4*h - 22, i - 13 = 2*h. Suppose -3*y = -i - 7. Suppose s - 2*s = -y. What is the units digit of s?
4
Suppose -4*u + 45 - 13 = 0. Let n = 10 - u. What is the units digit of n?
2
Let g = 167 + -60. What is the units digit of g?
7
Let i(l) = 3*l - 5. Let a be i(8). Suppose -3*u - a = -2*u + 5*d, 0 = -4*u + 4*d + 20. Suppose -b = -u - 2. What is the units digit of b?
3
What is the tens digit of (-4 - 48/(-20))/(2/(-40))?
3
Let h = 37 + -65. What is the units digit of ((-26)/(-4))/((-7)/h)?
6
Suppose 4*g - d = -2*d + 12, 0 = 2*d. Suppose -48 = -2*o + 4*f, 2*o + g*o - 140 = 5*f. What is the tens digit of o?
3
Suppose 0 = -2*n + n + 28. What is the units digit of n?
8
Suppose -8*s + 360 = -6*s. What is the tens digit of s?
8
Let j(o) = 53*o - 4. What is the hundreds digit of j(4)?
2
Let z(u) = -10*u - 1. Let g be z(-4). Suppose p - 9 = -7. Suppose 3*f + 9 = 0, -4*y + g = -7*f + p*f. What is the units digit of y?
6
Suppose -19*w = -15*w + 16. Suppose 3*q + 4*g = -314, 8 = -3*g + 2. What is the units digit of q/(-12) + 2/w?
8
What is the tens digit of 4/(-3)*(-132)/16*2?
2
Let i(p) = 1 + 2 - 2*p + 0 + p**3 + 6*p - 9*p**2. What is the units digit of i(9)?
9
What is the tens digit of 116 + (-1 - (-2 - -1) - 3)?
1
Let b(m) be the first derivative of m**2/2 + 4*m - 1. What is the units digit of b(4)?
8
Let a = -6 - -22. What is the units digit of a?
6
Suppose -816 = -7*n + 689. What is the tens digit of n?
1
Suppose 0 = i - 59 - 180. What is the units digit of i?
9
What is the units digit of (-1)/((2/(-37))/(5 + 5))?
5
Let y(b) = -b - 1. Let g be y(-9). Let n(m) = -m**3 + 8*m**2 + 7*m - 8. What is the tens digit of n(g)?
4
Let j(z) = -z + 1. Let i(d) = -1. Let k(f) = 2*i(f) + 6*j(f). What is the units digit of k(-3)?
2
Let v(y) be the third derivative of y**5/60 + y**4/6 - 5*y**3/6 + y**2. Let l be v(-5). What is the units digit of (l - (-9 - -1)) + 0?
8
Suppose 5*q - 21 = -5*k + 14, -4*q = 3*k - 25. Suppose q*u + 6 = u. What is the units digit of 12/5 - u/(-5)?
2
Let x be (-29)/2*(-1 + 3). Let d = 58 + x. What is the tens digit of d?
2
Let k be (-1)/(-2) - (5 - (-1)/2). Let c be 27/1 - (0 - 1). What is the units digit of k - -7 - c/(-2)?
6
Suppose 119 = -5*w + 14. Let g = w - -33. What is the tens digit of g?
1
What is the tens digit of 7/(14/8) + 307?
1
Let t(y) = -y**2 + 6*y - 6. Suppose 10 = 2*k - 0*k. Let w be t(k). What is the units digit of 18 - -2*w/2?
7
What is the units digit of ((-2)/(-4))/((-14)/(-140))?
5
Suppose 0 = 4*o + 2*o - 42. What is the units digit of o?
7
Let w = -26 + 46. Suppose -20 = v + 3*v - 4*o, 4*o - w = -v. Suppose -2*q - 4 = i - 19, q - i = v. What is the units digit of q?
5
Suppose 0 = -3*w + 6*w - 408. What is the hundreds digit of w?
1
Let o = 12 - 0. What is the tens digit of o?
1
Let p(h) = -2*h - 6. Let s be p(-8). Let w = 21 + s. What is the tens digit of w?
3
Let v be 3*4/(-6) - -7. Suppose -g = -1 - v. Suppose -5*l + g*l = 12. What is the units digit of l?
2
Let f = -19 - -28. What is the